 1. Let p be t(-1). Suppose 2359 = p*o - o. Let v = o - 196. What is the hundreds digit of v?
1
Let n(k) = 91 + 64 + 25 - 58*k + 56*k. What is the units digit of n(-24)?
8
Suppose 122190 = 361*h - 351*h. What is the ten thousands digit of h?
1
Let u = 87 - 83. Suppose -134 = -2*r - 5*o, u*r - r - 201 = -o. Suppose y - r = 5. What is the units digit of y?
2
Suppose 3*h = -3*z + 15, 8*h = 12*h - 4*z - 4. Suppose -1126 = -5*u + r, -h*r - 226 = -u - 2*r. What is the units digit of u?
5
Suppose -7*m - 22 = -12*m + l, 0 = -5*m + 2*l + 19. Suppose -1636 = -m*c - 401. What is the units digit of c?
7
Let j be ((-8)/(-12))/(-2*1/9). Let u be (-5 - j)/(1/(-2)). What is the units digit of 4 + u/(-1) + 80?
0
Suppose -5*n = -3*s - 25 + 6, -5*s + 4*n - 10 = 0. Suppose 81 = 3*u - 3*o, -3*u + 83 = 5*o - 6*o. Suppose 154 = s*c + u. What is the units digit of c?
3
Let g = 306 + -463. Let u be (-194)/(-873) - (2419/(-9) + -1). Let o = g + u. What is the tens digit of o?
1
Suppose 0 = f + l - 208, f + 2*l + 211 = 2*f. Let g = f - 120. Let p = 183 - g. What is the units digit of p?
4
Let p(c) be the third derivative of c**5/60 - c**4/8 - 6*c**3 - 183*c**2. What is the units digit of p(-19)?
2
Suppose 0*a - 10795 = -2*a + 131483. What is the units digit of a?
9
Suppose 40 = -9*d + 13. What is the hundreds digit of 4940/39 - 1/d?
1
Suppose 0 = 2*d - 3*l - 39, d + 3*l - 4 - 20 = 0. Suppose h + 38 = 4*r - 31, -h - d = -r. Suppose 5*y - 381 = -w, -r = 5*w - w. What is the units digit of y?
7
What is the tens digit of (-6 - -7 - 16) + 16142?
2
Let m = -21 - -23. Suppose 0 = -5*p - 5*n - 25, -p + 7 = m*n - 4*n. What is the hundreds digit of 109 - (-6)/(-1 + p)?
1
Let i(s) = 3*s**2 + 65*s - 274. Let g be i(4). Let a be ((-3)/2)/(2/(-4)). Suppose 2*w - 2*u + 0*u = g, 5*u - 91 = -a*w. What is the units digit of w?
2
Suppose -5*l + 77370 = 5*g, -3 = 233*l - 234*l. What is the units digit of g?
1
Suppose -5*p - 2*z = -p - 452, -4*p + 5*z + 466 = 0. What is the units digit of (p + 4)*(0 - 4/(-8))?
9
Suppose -155 = 4*r + 773. Let a be r/6*(-3 + -3 - -3). Suppose 7*t - 5*t = a. What is the units digit of t?
8
Let x = -84799 + 126705. What is the tens digit of x?
0
Let a be ((-2)/5 - 690/(-100))*-6. Let b = a - -44. Suppose b*c + 0*c = 370. What is the units digit of c?
4
Let m = -172 + 177. Suppose 3*g - 5*g - 515 = -5*q, 515 = m*q + 3*g. What is the tens digit of q?
0
Suppose 991 = 17*q - 16*q. Suppose 4*i = 4*w + 3617 + q, -w + 5 = 0. What is the tens digit of i?
5
Let q(z) = -32*z**3 - 5*z**2 - 7*z - 56. What is the units digit of q(-5)?
4
Let u(r) = 6*r - 3. Let l(c) = c. Let q(m) = -5*l(m) + u(m). Let a be q(6). Suppose a*d = 6*d - 267. What is the units digit of d?
9
Suppose x - 3152 = d, -12*x + 13*x - 3156 = 2*d. What is the tens digit of x?
4
Let h = 4209 + -4143. Let l be (-2 + 186)/(-2)*1. Let v = h - l. What is the hundreds digit of v?
1
Let w be (14/5)/((-126)/315). What is the units digit of (-13682)/(-14) + w/(98/4)?
7
Suppose 5*a + 2*f - 450839 = 0, -3*a - 2*f = -155917 - 114588. What is the ten thousands digit of a?
9
Let t be 6/(11/(-9) - 8/(-36)). Let g(v) = 7*v - 12. Let p(j) = j - 1. Let z(d) = t*p(d) + g(d). What is the units digit of z(9)?
3
Suppose 12 = -2*i + 4*i. Let t(g) = 46*g + 94687 - 94696 - 17*g. What is the tens digit of t(i)?
6
Let s = -1002 - -1018. Suppose -3570 = s*h - 10386. What is the hundreds digit of h?
4
Let l(p) = 153*p - 112. Let o be l(-6). Let y = -478 - o. What is the hundreds digit of y?
5
Let j(l) = -11*l**3 - 30*l**2 - 59*l - 41. Let p(r) = 5*r**3 + 15*r**2 + 29*r + 20. Let k(n) = 4*j(n) + 9*p(n). What is the units digit of k(-10)?
6
Suppose -21*w + 16*w + 2255 = 0. Let h = w - 218. What is the tens digit of h?
3
Suppose -61*n = -54*n + 7105. Let y = n - -1503. What is the tens digit of y?
8
Let s(b) = 5*b**3 + 8*b**2 - 77*b + 196. What is the units digit of s(12)?
4
Suppose 0 = -4*l + 5*q + 189444, 231205 + 5609 = 5*l - 4*q. What is the tens digit of l?
6
Let w(n) = 225*n**2 + n - 2. Let f be w(1). Suppose -f = -2*a + 94. What is the units digit of a?
9
Let a(r) = -r**3 + 4*r**2 - 3*r + 1. Let c be a(3). Suppose -3*y = -6, 0 = -0*q + 2*q - 4*y + 2. Suppose q*h - c = 83. What is the tens digit of h?
2
Let n be ((-59286)/9)/((-36)/162). Suppose 9586 = -31*o + n. What is the units digit of o?
7
Let m(j) = -16*j**3 + 700*j**2 + 4. What is the tens digit of m(43)?
9
Suppose 0 = -3*m + 5*n + 954, n = 3*m - 0*n - 942. Suppose -10*s = -5*b - 9*s - m, 4*s = -3*b - 174. Let t = -60 - b. What is the units digit of t?
2
What is the units digit of ((5/4 + -1)*-10)/(35/(-335398))?
7
Let k(w) be the second derivative of -w**5/20 + 11*w**4/12 + 11*w**3/6 + 5*w**2 + 10*w. Let v be k(12). What is the units digit of (-1)/(-1)*((-3)/(-1) - v)?
5
Suppose 0 = -4*f + 5*x + 93, -2*f + 45 = -0*f - 3*x. Suppose -28*k = -f*k - 309. What is the tens digit of k?
0
Let i(x) = x**3 + 5*x**2 + 37*x - 85. What is the ten thousands digit of i(25)?
1
Let g(u) = -u**3 + 15*u**2 - 5*u + 11. Let k be g(7). Let o be 1/3 + k/48. Let x = 31 - o. What is the tens digit of x?
2
Let h(a) = 14*a - 728. Let g be h(52). Let d(z) be the second derivative of -z**4/6 - z**3/6 + 49*z**2/2 - z. What is the tens digit of d(g)?
4
Let s be 1*0/(4/2). Let b(g) = g**3 + g**2 - g + 5. Let m be b(s). Suppose 145 = 2*p + 5*k, -2*p + m = 2*k - 137. What is the units digit of p?
0
Let h(v) = 212*v**2 - 12*v + 145. What is the units digit of h(8)?
7
Suppose 143*g - 834670 = -47*g. What is the thousands digit of g?
4
Suppose 186*h - 209*h = -434539. What is the ten thousands digit of h?
1
Let p(m) = -3482*m + 40. What is the hundreds digit of p(-2)?
0
What is the ten thousands digit of 80/(-680) + 2310716/68?
3
What is the units digit of 2/(-20) - 80191*(-10)/100?
9
Let i = -9933 - -21632. What is the units digit of i?
9
Let q be (4 + -6)/(2 - (3 + -2)). What is the hundreds digit of ((-96)/9 - -9)/(q/414)?
3
Suppose 64*s + 3234 = 70*s. Let f = 13 + -8. Suppose -f*m - 2*m = -s. What is the units digit of m?
7
Suppose -4*k - 5*b = -103, 2*k = 3*b + 18 + 17. Suppose 15*o = k*o - 1043. What is the hundreds digit of o?
1
Let x be 6/(-5) + (-104946)/(-30). Let p = -2474 + x. What is the thousands digit of p?
1
Suppose -1513 = -a + 566*z - 561*z, -5*a + 5*z = -7645. What is the hundreds digit of a?
5
Suppose 2*m + 63922 - 232541 = i, -4*m = i - 337235. What is the tens digit of m?
0
Let m = 61 - 584. Let z = m + 785. What is the tens digit of z?
6
Let t be (-3*8/36)/(6/99). Let u be (-1)/(0 + -1 + 2) - t. Suppose -1740 = -u*d - 0*d. What is the tens digit of d?
7
Suppose -3*b = 5*x - 9112, 5*x = b + 3*x - 3041. Suppose 0 = 7*f + 841 - b. What is the units digit of f?
4
Let j(g) = 314*g**2 + 4*g - 6. Let s be j(2). Let a = s - 587. What is the hundreds digit of a?
6
Let y(d) = d**3 - 11*d**2 - d + 24. Let m be y(11). Suppose m = -4*h + 77. Suppose h*a = 5*a + 1529. What is the tens digit of a?
3
What is the hundreds digit of 5*(-9)/6*(-3 + 58225/(-15))?
1
Let n = 21 - 14. Suppose -n*w + 3*w = 352. Let h = -21 - w. What is the units digit of h?
7
Suppose d = 3*y - 1, -4*d = -5*d + 5*y - 5. Suppose -4*p - 8 = 0, -3*r - d*p + 7*p = -1579. Suppose -125 + r = 4*b. What is the tens digit of b?
0
Let f = -3643 + 6059. What is the units digit of f?
6
Let q be (-4)/6 + (-1)/6*2. What is the units digit of q/2 - 573/(-2)?
6
Let m be 7*-2*8/(-16). Suppose m*f = -382 + 11316. What is the units digit of f?
2
Let p(q) = -5*q**3 + 14*q**2 - 9*q + 10. Let x(d) = 14*d**3 - 42*d**2 + 28*d - 31. Let a(u) = -17*p(u) - 6*x(u). What is the units digit of a(-11)?
4
Suppose 91*f - 78311 - 184117 = -23*f. What is the units digit of f?
2
Suppose 4*n + 4*k = -44, 0 = -2*n + 3*k - 7 - 25. Let z be 74/5 - n/65. What is the tens digit of (-1)/(-6)*z*24?
6
Let d = -5 - -9. Suppose 0 = -y + 9 - d. Suppose 272 = 4*g + y*r, -g + 79 = -0*r + 4*r. What is the units digit of g?
3
Let k = -633 + 638. Suppose -k*h = 5*z - 5595, 3*h - 694 - 2666 = -4*z. What is the thousands digit of h?
1
What is the tens digit of (122035/(-20) - (-5 - -3))/((-35)/140)?
9
Let d(p) = 3*p**2 - 36*p + 315. What is the thousands digit of d(45)?
4
Let l = 21535 + -12258. What is the units digit of l?
7
Let b = -3 + -15. Let f(m) = 3*m + 49. Let c be f(b)